) = n(z) - 6*o(z). Is x(-2) prime?
False
Suppose 9 = -0*d + 3*d. Let j be ((-1)/d)/((-5)/1245). Suppose m - j = -6. Is m prime?
False
Suppose 4*u = -16 - 40. Let j be (16/(-10))/(u/70). Suppose -j*x + 4*x + 1340 = 0. Is x composite?
True
Suppose -3*c = -v - 1 - 9, 3*c + 10 = 5*v. Suppose 2*d - c*t + 0*t = 6207, -12405 = -4*d + t. Is d a prime number?
False
Suppose -3*s + 35 = 2*s. Let h = s - 3. Is (-446)/h*(2 - 4) a prime number?
True
Let s(o) = 3*o**2 + 14*o + 3. Let x be ((-44)/10)/(32/(-10) + 3). Is s(x) a composite number?
True
Let c(q) = q**2 + 6*q + 7. Let n(g) = g + 11. Suppose 0 = h - p + 11, 4*h - p + 33 = 4. Let y be n(h). Is c(y) prime?
False
Let t = 138 + -35. Let z = 162 + t. Is z composite?
True
Let r = 70 + -48. Let k = -1 + r. Suppose 711 - k = 6*j. Is j prime?
False
Let h(d) = -11474*d - 115. Is h(-1) a prime number?
False
Suppose 0 = -2*j + 3*d - 767, 5*j + d + 1927 = -d. Let i = j + 972. Is i a composite number?
False
Let k = -401 + 676. Let x = 544 - k. Is x composite?
False
Let i(z) = -297*z + 50. Let k(a) = -99*a + 17. Let h(o) = 4*i(o) - 11*k(o). Is h(-14) a prime number?
True
Let w be 123 - (-4 + 3)*2. Suppose 0 = -2*n - 5*f + 3 + 2, -3*n - 3 = -3*f. Suppose -3*j + 34 + w = n. Is j composite?
False
Let p(a) = -a**2 - 23*a - 79. Is p(-14) prime?
True
Let k(x) = 74*x**2 + 12*x + 11. Is k(4) a prime number?
False
Let c = -1225 + 2182. Suppose -5*x - 2*t + 4766 = 0, 828 = x - 4*t - 134. Suppose 5*m - x = b, -2*b + 4*b = -5*m + c. Is m prime?
True
Let o be (-218)/(0 - 2)*1. Suppose 5*n + 2*w = 458, 4*n - n + 3*w - 282 = 0. Let i = n + o. Is i a prime number?
True
Let i(p) = 41*p + 6. Let g(l) = l**2 + 8*l + 7. Let y be g(-6). Let w be (-5 + y)/(4/(-2)). Is i(w) prime?
True
Suppose 7 + 9 = -2*r. Let d = -2 - r. Suppose -l + 49 + d = 0. Is l prime?
False
Suppose 3*l - 40 = -2*l. Let j(x) = x - 8. Let t be j(l). Suppose m - 89 = -t*m. Is m a prime number?
True
Let r = 76 + -77. Is (1 - -1075)*(15/12 + r) a prime number?
True
Let k(b) = b**3 - 31*b**2 - 11*b + 100. Let j be k(33). Let a(o) = o**3 + 6*o**2 + 4. Let f be a(-6). Suppose -f*g + 121 = -j. Is g composite?
False
Let x = -14 - -17. Let i be ((-1)/1)/(-4 + x). Is (-3 + 8*5)/i a prime number?
True
Let p = -8 + 5. Let i be ((-1)/p)/((-1)/(-1146)). Is 1*((-6)/2 + i) prime?
True
Is 6 + -2 + 5 + 12772 composite?
False
Is 401952/128 - (-10)/(-8) prime?
False
Let a be 0 - ((3 - 8) + 3). Suppose a*q - 2 = -2112. Is (1 + 1)/((-10)/q) composite?
False
Suppose 4*i + 2 = 126. Suppose 4*p + 5*s - 4281 = 0, 3*s = -4*p + 4310 - i. Is p a composite number?
False
Is (8676 - 7/1) + -6 a composite number?
False
Let u be 63 + (-14)/7 - 3. Let f(z) = 47*z - 3. Let s be f(2). Suppose k - u = s. Is k a prime number?
True
Suppose 3*s - 21331 = 7772. Is s prime?
False
Is 638628/84 - 6/(-21) composite?
False
Suppose 159*c - 162*c - 4*f = -575211, c + 4*f = 191729. Is c prime?
False
Let m(p) = -5*p**3 - 4*p**2 - 12*p + 1. Is m(-6) a composite number?
False
Suppose 13 = 2*s + 3. Let t = -327 - -716. Suppose 143 = m - q - 270, s*q = -m + t. Is m composite?
False
Let y = -643 - -1305. Is y a prime number?
False
Let u(d) = -d. Let r be u(0). Suppose r = v - 406 - 229. Is v a prime number?
False
Let n = 45576 - 27769. Is n a composite number?
False
Let z(h) = -h**2 + 5 - 8 - 5*h + 0. Let c be z(-3). Suppose -c*j - 5*u + 879 = -2*u, 4*j - 1217 = 5*u. Is j composite?
True
Let n be (-2 + 3)*(-674)/(-2). Suppose 0 = -2*m - 7 - 1, n = w + 4*m. Is w prime?
True
Let l = 31 + -48. Let v = l - -20. Suppose 2622 = v*g + 351. Is g a prime number?
True
Suppose 0*x = 6*x - 7530. Is x a composite number?
True
Suppose r = -0*r + 2. Suppose -4*o + 503 + 31 = -2*q, -550 = r*q + 4*o. Let y = q + 426. Is y a composite number?
True
Suppose 0 = q - 5. Suppose -4*t - t - q = 0. Is (-2 - t)/((-2)/286) a composite number?
True
Let i(y) be the second derivative of -19*y**3/2 + y**2/2 + 3*y. Let o be i(-5). Let n = o - 183. Is n a composite number?
False
Let t = 41298 + -20887. Is t prime?
True
Let o = -12 + 12. Let s be 0 - 3 - (o + -2). Is (2 + s)*3 + 142 a prime number?
False
Is 6/(48/(-56)) + 1170 composite?
False
Suppose 0 = -2*b + 8, -28 = c + 3*c - 2*b. Is (c - -4)/((-1)/691) composite?
False
Let o = -24 - -44. Suppose p + 16 = 4*x, -7*x + o = -2*x. Suppose -6*v + v + 955 = p. Is v composite?
False
Let j(i) be the first derivative of 23/3*i**3 + 1/2*i**2 + 7*i - 8. Is j(5) prime?
True
Is (4 - 5 - -8) + 6414 composite?
False
Is 1 + 26/((-214)/(-213) + -1) composite?
True
Suppose -31*j + 117381 = -20*j. Is j a composite number?
True
Let h = 9 - 7. Suppose h*d - 549 = -167. Is d composite?
False
Let y = -58 + 757. Suppose 6*t = t + 3*o + 1745, -y = -2*t + o. Suppose -238 = 2*n - 4*n + 4*b, -5*b - t = -3*n. Is n a composite number?
False
Let l(o) be the first derivative of -11*o**7/840 - o**6/360 - o**5/120 - o**4/6 - 2*o**3/3 + 7. Let g(i) be the third derivative of l(i). Is g(-3) composite?
True
Let f = 38 - 32. Is (-322 + f)*(-2)/4 composite?
True
Suppose a = -5*w + 2*w + 1566, -2*w - 5*a = -1057. Is w composite?
False
Suppose 34*n = 256676 - 4430. Is n a prime number?
False
Suppose 0 = -5*z + 116*r - 111*r + 67610, -r = -4*z + 54085. Is z a composite number?
True
Suppose 4*o - 6348 = r - 16979, o = 5. Is r a prime number?
True
Suppose 2*d - 165 = 3*r, -r = -5*d + 222 + 197. Suppose -6*n = -630 + d. Is n a composite number?
True
Let s(m) = m**3 - 3*m**2 - 3*m + 2. Let l be s(4). Let q = l - 6. Suppose -2*g + 23 + 147 = q. Is g a composite number?
True
Let x = 139 - 61. Let l = 34 - x. Let y = -7 - l. Is y a composite number?
False
Suppose 5*c - 19170 = 3*z, 5*z - 7699 = -5*c + 3*c. Suppose -4251 = -8*a + c. Is a a prime number?
False
Suppose 107172 = 31*f - 206641. Is f a composite number?
True
Suppose i - 4020 - 11790 = 0. Suppose -z - i = -5*m, 2*z + 5060 = 3*m - 4419. Is m prime?
True
Suppose 2*d - 2*l - 66 = -2*d, 3*d - 55 = -4*l. Suppose d = 3*j - 4. Is j a composite number?
False
Let j be (-34)/51 + (-16)/(-6). Suppose -3*v = 4*i - 301, -204 = -j*v - 0*v - i. Is v a composite number?
False
Suppose 0 = -2*v + v + 257. Let u = v + -100. Is u a composite number?
False
Let n(f) = -f**3 - 4*f**2 + 11*f - 4. Let v be n(-6). Suppose 1737 = 5*u - m, v*u - m = -2*m + 692. Is u prime?
True
Let a(g) = 32570*g**2 - 2*g + 1. Is a(1) prime?
True
Suppose 0*s + 4*s = 3*w - 63435, -4*s - 21145 = -w. Is w a prime number?
False
Let c = 8 - 4. Let y be (c/(-6))/(4/(-30)). Suppose -y*q - 5*f = -75, -q - 3*f + 26 = q. Is q a prime number?
True
Let n be (-2)/(-3)*-3 + 4. Suppose 0 = -j - 3*z + 399, -2*j - n*j + z + 1531 = 0. Let h = j + -221. Is h a prime number?
True
Let x be 0 - (-2 - 8/4). Suppose 0*w - 3*w = -6. Suppose -626 = -4*p + w*c - x*c, -c + 156 = p. Is p prime?
True
Let w be (-4)/(-8)*(2 + -5 + 3). Suppose -4*j - 75 = -5*t, w*t - 5*t + 80 = -3*j. Is t a prime number?
True
Suppose 5*w = 2*f - 125, w = f - 6*f + 380. Suppose 11 = 4*h - 5. Let t = h + f. Is t a prime number?
True
Let f be (-12)/(3 - -1) - -646. Let p(s) = 1332*s - 1. Let i be p(1). Suppose 3*w = 2*t - f, 4*t = -0*w - 3*w + i. Is t a prime number?
False
Suppose -5*j = 23 - 3. Is 194*(j + (-36)/(-8)) composite?
False
Let m(i) = -i**3 + 3*i**2 - 2*i + 6. Let n be m(4). Let r be (n/8)/((-2)/8). Is 172 - (-4)/((-12)/r) a composite number?
True
Is 3 + (-16)/8 + 468 a composite number?
True
Suppose 0 = 37*s - 43*s - 8466. Let k = s - -2364. Is k a prime number?
True
Let a(z) = 2*z + 18 + 10*z - 24 + 0*z. Let r be a(5). Suppose 2*y = -r + 170. Is y a composite number?
True
Let r(i) = -862*i**3 + 2 + 0 + 2*i**2 + 3 - 6. Is r(-1) a prime number?
True
Suppose -3*v - 2*t + 7*t = -65377, -5*v - 3*t + 109007 = 0. Is v composite?
False
Suppose 15*o - 5487 = 31668. Is o prime?
True
Let w be (-55)/33*2*-3. Let j be 5/(w/3)*-21510. Is j/(-105) - (-2)/(-7) a prime number?
True
Let i be (8 + -10)*8/2. Let b be -311*1*i - 0. Suppose 2*r + u = 1250, 3*r = -r + u + b. Is r a prime number?
False
Suppose -12*n = -8*n + 4*r - 79664, 4*n - 79658 = -2*r. Is n a composite number?
False
Let s = -2363 - -4036. Let n = -1032 + s. Is n composite?
False
Let u = 12 - -219. Let t = 380 - u. Is t prime?
True
Suppose 2*b = 109 + 45. Let z = 109 + b. Suppose 60 + z = 2*l. Is l composite?
True
L